{"id":263,"date":"2024-09-13T08:08:11","date_gmt":"2024-09-13T06:08:11","guid":{"rendered":"http:\/\/www.psicologiacongracia.com\/?page_id=263"},"modified":"2024-09-13T08:09:00","modified_gmt":"2024-09-13T06:09:00","slug":"aviso-legal","status":"publish","type":"page","link":"https:\/\/www.psicologiacongracia.com\/index.php\/aviso-legal\/","title":{"rendered":"Aviso legal"},"content":{"rendered":"\n<p>En cumplimiento de la Ley 34\/2002, de 11 de julio, de Servicios de la Sociedad de la Informaci\u00f3n y de Comercio Electr\u00f3nico, ponemos a su disposici\u00f3n este texto, donde le proporcionamos toda la informaci\u00f3n que consideramos relevante para proteger sus derechos, su seguridad, y establecer las condiciones de uso para el cumplimiento normativo del mismo.<\/p>\n\n\n\n<p>La web&nbsp;https:\/\/psicologiacongracia.es\/ en adelante&nbsp;<strong>SITIO WEB<\/strong>, es propiedad de&nbsp;<strong>Gracia Velasco Naval<\/strong>, con CIF 25736426R, y domicilio en Calle Sagitario 3, bloque 1 n\u00famero 22, Benalm\u00e1dena Costa, M\u00e1laga y de en adelante&nbsp;<strong>EL PRESTADOR<\/strong>.<\/p>\n\n\n\n<p>Podr\u00e1 ponerse en contacto con nosotros a trav\u00e9s de las siguientes v\u00edas:<\/p>\n\n\n\n<ul class=\"wp-block-list\">\n<li>Mail administraci\u00f3n graciavelasconaval@gmail.com<\/li>\n<\/ul>\n\n\n\n<p>Todas las notificaciones y comunicaciones entre EL USUARIO y EL PRESTADOR se considerar\u00e1n eficaces, a todos los efectos, cuando se realicen a trav\u00e9s de cualquier v\u00eda de las detallados anteriormente.<\/p>\n\n\n\n<p>Toda persona que acceda al sitio web, adquiere la condici\u00f3n de usuario, en adelante&nbsp;<strong>EL USUARIO<\/strong>, comprometi\u00e9ndose a la observancia y cumplimiento riguroso de las disposiciones aqu\u00ed indicadas, as\u00ed como a cualesquiera otras legales que fuera de aplicaci\u00f3n.<\/p>\n\n\n\n<p>EL PRESTADOR se reserva el derecho de modificar cualquier tipo de informaci\u00f3n que pudiera aparecer en el sitio web, sin que exista obligaci\u00f3n de preavisar o poner en conocimiento de EL USUARIO dichas obligaciones, entendi\u00e9ndose como suficiente con la publicaci\u00f3n en el sitio web, por ello es recomendable leer atentamente su contenido en caso de acceder y hacer uso de la informaci\u00f3n y de los servicios ofrecidos desde este sitio web.<\/p>\n\n\n\n<p><strong>OBJETO<\/strong><\/p>\n\n\n\n<p>El acceso a LA WEB por parte de EL USUARIO, tiene car\u00e1cter libre y gratuito.<\/p>\n\n\n\n<p>Ponemos a disposici\u00f3n de EL USUARIO este sitio como canal de comunicaci\u00f3n y facilitaci\u00f3n de determinados servicios y\/o prestaciones.<\/p>\n\n\n\n<p>Cuando sea necesario que EL USUARIO se registre o aporte datos personales para poder acceder a alguno de los servicios espec\u00edficos, la recogida, el tratamiento y, en su caso, la cesi\u00f3n o el acceso de los datos personales de EL USUARIO ser\u00e1 de aplicaci\u00f3n lo dispuesto en la&nbsp;<strong>Pol\u00edtica de Privacidad<\/strong>&nbsp;establecida en el sitio web.<\/p>\n\n\n\n<p><strong>RESTRICCIONES POR EDAD<\/strong><\/p>\n\n\n\n<p>Queda prohibida la aportaci\u00f3n de datos personales a trav\u00e9s el sitio web por parte de&nbsp;<strong>menores de 16 a\u00f1os<\/strong>.<\/p>\n\n\n\n<p>Si para la navegaci\u00f3n en el sitio Web, EL USUARIO debiera proceder a su registro o facilitar datos personales, \u00e9ste ser\u00e1 responsable de aportar informaci\u00f3n veraz y l\u00edcita.<\/p>\n\n\n\n<p>EL USUARIO se obliga a usar los contenidos de forma diligente, correcta y l\u00edcita y, en particular, se compromete a abstenerse de:<\/p>\n\n\n\n<p>.- Utilizar los contenidos con fines o efectos contrarios a la ley, a la moral y a las buenas costumbres generalmente aceptadas o al orden p\u00fablico; Reproducir o copiar, distribuir, permitir el acceso del p\u00fablico a trav\u00e9s de cualquier modalidad de comunicaci\u00f3n p\u00fablica, transformar o modificar los contenidos, a menos que se cuente con la autorizaci\u00f3n del titular de los correspondientes derechos o ello resulte legalmente permitido; Emplear los contenidos y, en particular, la informaci\u00f3n de cualquier clase obtenida a trav\u00e9s de la p\u00e1gina o de los servicios para remitir publicidad, comunicaciones con fines de venta directa o con cualquier otra clase de finalidad comercial, mensajes no solicitados dirigidos a una pluralidad de personas con independencia de su finalidad, as\u00ed como a abstenerse de comercializar o divulgar de cualquier modo dicha informaci\u00f3n.<\/p>\n\n\n\n<p>\u2013 Vulnerar los derechos de propiedad intelectual o industrial.<\/p>\n\n\n\n<p>\u2013 Suplantar la identidad de cualquier otro usuario.<\/p>\n\n\n\n<p><strong>ENLACES EXTERNOS.<\/strong><\/p>\n\n\n\n<p>El establecimiento de hiperenlaces, no implica en ning\u00fan caso la existencia de relaci\u00f3n entre EL PRESTADOR y el propietario del sitio web en la que se establezca, ni aceptaci\u00f3n o aprobaci\u00f3n de sus contenidos o servicios.<\/p>\n\n\n\n<p><strong>EXCLUSI\u00d3N DE GARANT\u00cdAS Y DE RESPONSABILIDAD EN EL ACCESO Y LA UTILIZACION<\/strong><\/p>\n\n\n\n<p>EL PRESTADOR excluye hasta donde permite el ordenamiento jur\u00eddico, cualquier responsabilidad por da\u00f1os y perjuicios de toda naturaleza derivados de:<\/p>\n\n\n\n<p>\u2013 La imposibilidad de acceso al sitio web o la falta de veracidad exactitud y\/o actualidad de los contenidos, as\u00ed como la existencia de vicios o defectos de toda clase de los contenidos e informaci\u00f3n transmitida, difundida, almacenada o puesta a disposici\u00f3n de EL USUARIO.<\/p>\n\n\n\n<p>\u2013 La presencia de virus o de otros elementos en los contenidos que puedan producir alteraciones en los sistemas inform\u00e1ticos, documentos electr\u00f3nicos o datos de EL USUARIO.<\/p>\n\n\n\n<p>\u2013 EL PRESTADOR declina cualquier responsabilidad respecto a la informaci\u00f3n que se halle fuera de esta web y no sea gestionada directamente por nuestro web m\u00e1ster.<\/p>\n\n\n\n<p>\u2013 EL PRESTADOR no garantiza ni se responsabiliza del funcionamiento o accesibilidad de los sitios enlazados, ni sugiere, invita o recomienda la visita a los mismos, por lo que tampoco ser\u00e1 responsable del resultado obtenido. Tampoco se responsabilizar\u00e1 del establecimiento de enlaces por parte de terceros.<\/p>\n\n\n\n<p>En el caso de que EL USUARIO o un tercero considere que existen hechos o circunstancias que revelen el car\u00e1cter il\u00edcito de la utilizaci\u00f3n de cualquier contenido y\/o de la realizaci\u00f3n de cualquier actividad en las p\u00e1ginas web incluidas o accesibles a trav\u00e9s del sitio web, deber\u00e1 enviar una notificaci\u00f3n a EL PRESTADOR identific\u00e1ndose debidamente y especificando las supuestas infracciones.<\/p>\n\n\n\n<p><strong>PROPIEDAD INTELECTUAL<\/strong><\/p>\n\n\n\n<p>Todos los contenidos del sitio web, como textos, fotograf\u00edas, gr\u00e1ficos, im\u00e1genes, iconos, tecnolog\u00eda, software, as\u00ed como su dise\u00f1o gr\u00e1fico y c\u00f3digos fuente, constituyen una obra cuya propiedad pertenece a EL PRESTADOR, sin que puedan entenderse cedidos a EL USUARIO ninguno de los derechos de explotaci\u00f3n sobre los mismos m\u00e1s all\u00e1 de lo estrictamente necesario para el correcto uso de la web.<\/p>\n\n\n\n<p>En definitiva, EL USUARIO que accedan a este sitio web pueden visualizar los contenidos y efectuar, en su caso, copias privadas autorizadas siempre que los elementos reproducidos no sean cedidos posteriormente a terceros, ni se instalen a servidores conectados a redes, ni sean objeto de ning\u00fan tipo de explotaci\u00f3n.<\/p>\n\n\n\n<p>Asimismo, todas las marcas, nombres comerciales o signos distintivos de cualquier clase que aparecen en el sitio web son propiedad de EL PRESTADOR, o de terceros, sin que pueda entenderse que el uso o acceso al mismo atribuya a EL USUARIO derecho alguno sobre los mismos.<\/p>\n\n\n\n<p><strong>ATENCI\u00d3N AL CLIENTE Y RECLAMACIONES&nbsp;&nbsp;&nbsp;&nbsp;&nbsp;&nbsp;&nbsp;&nbsp;&nbsp;&nbsp;&nbsp;&nbsp;&nbsp;&nbsp;&nbsp;&nbsp;&nbsp;&nbsp;&nbsp;&nbsp;&nbsp;&nbsp;&nbsp;&nbsp;&nbsp;&nbsp;<\/strong><\/p>\n\n\n\n<p>Para interponer cualquier queja o reclamaci\u00f3n ante EL PRESTADOR, EL USUARIO deber\u00e1 dirigirse al departamento de atenci\u00f3n a trav\u00e9s de las v\u00edas de contacto establecidas en este documento.<\/p>\n\n\n\n<p>Existe la posibilidad de recurrir a un mecanismo extrajudicial de reclamaci\u00f3n establecido en el Reglamento (UE) n\u00ba 524\/2013 del Parlamento y del Consejo, de 21 de mayo de 2013 y al que tendr\u00e1 acceso a trav\u00e9s del siguiente enlace:<\/p>\n\n\n\n<figure class=\"wp-block-embed\">https:\/\/webgate.ec.europa.eu\/odr\/main\/index.cfm?event=main.home.chooseLanguage<\/figure>\n\n\n\n<p><strong>LEGISLACI\u00d3N APLICABLE<\/strong><\/p>\n\n\n\n<p>Las condiciones presentes se regir\u00e1n por las leyes espa\u00f1olas y en su caso las comunes europeas.<\/p>\n\n\n\n<p>Las partes se someter\u00e1n para la resoluci\u00f3n de los conflictos que puedan surgir entre ellos, y con renuncia a cualquier otro fuero, a los juzgados y tribunales siguientes:<\/p>\n\n\n\n<ol class=\"wp-block-list\">\n<li>En caso de que EL USUARIO tenga la condici\u00f3n de consumidor, ser\u00e1n competentes los juzgados y tribunales del domicilio de dicho usuario.<\/li>\n\n\n\n<li>En caso de que EL USUARIO tenga la condici\u00f3n de empresario, ser\u00e1n competentes los juzgados y tribunales de la localidad de EL PRESTADOR.<\/li>\n<\/ol>\n","protected":false},"excerpt":{"rendered":"<p>En cumplimiento de la Ley 34\/2002, de 11 de julio, de Servicios de la Sociedad de la Informaci\u00f3n y de [&hellip;]<\/p>\n","protected":false},"author":1,"featured_media":0,"parent":0,"menu_order":0,"comment_status":"closed","ping_status":"closed","template":"","meta":{"site-sidebar-layout":"default","site-content-layout":"","ast-site-content-layout":"","site-content-style":"default","site-sidebar-style":"default","ast-global-header-display":"","ast-banner-title-visibility":"","ast-main-header-display":"","ast-hfb-above-header-display":"","ast-hfb-below-header-display":"","ast-hfb-mobile-header-display":"","site-post-title":"","ast-breadcrumbs-content":"","ast-featured-img":"","footer-sml-layout":"","theme-transparent-header-meta":"","adv-header-id-meta":"","stick-header-meta":"","header-above-stick-meta":"","header-main-stick-meta":"","header-below-stick-meta":"","astra-migrate-meta-layouts":"default","ast-page-background-enabled":"default","ast-page-background-meta":{"desktop":{"background-color":"var(--ast-global-color-4)","background-image":"","background-repeat":"repeat","background-position":"center center","background-size":"auto","background-attachment":"scroll","background-type":"","background-media":"","overlay-type":"","overlay-color":"","overlay-opacity":"","overlay-gradient":""},"tablet":{"background-color":"","background-image":"","background-repeat":"repeat","background-position":"center center","background-size":"auto","background-attachment":"scroll","background-type":"","background-media":"","overlay-type":"","overlay-color":"","overlay-opacity":"","overlay-gradient":""},"mobile":{"background-color":"","background-image":"","background-repeat":"repeat","background-position":"center center","background-size":"auto","background-attachment":"scroll","background-type":"","background-media":"","overlay-type":"","overlay-color":"","overlay-opacity":"","overlay-gradient":""}},"ast-content-background-meta":{"desktop":{"background-color":"var(--ast-global-color-5)","background-image":"","background-repeat":"repeat","background-position":"center center","background-size":"auto","background-attachment":"scroll","background-type":"","background-media":"","overlay-type":"","overlay-color":"","overlay-opacity":"","overlay-gradient":""},"tablet":{"background-color":"var(--ast-global-color-5)","background-image":"","background-repeat":"repeat","background-position":"center center","background-size":"auto","background-attachment":"scroll","background-type":"","background-media":"","overlay-type":"","overlay-color":"","overlay-opacity":"","overlay-gradient":""},"mobile":{"background-color":"var(--ast-global-color-5)","background-image":"","background-repeat":"repeat","background-position":"center center","background-size":"auto","background-attachment":"scroll","background-type":"","background-media":"","overlay-type":"","overlay-color":"","overlay-opacity":"","overlay-gradient":""}},"_joinchat":[],"footnotes":""},"class_list":["post-263","page","type-page","status-publish","hentry"],"yoast_head":"<!-- This site is optimized with the Yoast SEO plugin v23.6 - https:\/\/yoast.com\/wordpress\/plugins\/seo\/ -->\n<title>Aviso legal - Psicolog\u00eda con Gracia<\/title>\n<meta name=\"robots\" content=\"index, follow, max-snippet:-1, max-image-preview:large, max-video-preview:-1\" \/>\n<link rel=\"canonical\" href=\"https:\/\/www.psicologiacongracia.com\/index.php\/aviso-legal\/\" \/>\n<meta property=\"og:locale\" content=\"es_ES\" \/>\n<meta property=\"og:type\" content=\"article\" \/>\n<meta property=\"og:title\" content=\"Aviso legal - Psicolog\u00eda con Gracia\" \/>\n<meta property=\"og:description\" content=\"En cumplimiento de la Ley 34\/2002, de 11 de julio, de Servicios de la Sociedad de la Informaci\u00f3n y de [&hellip;]\" \/>\n<meta property=\"og:url\" content=\"https:\/\/www.psicologiacongracia.com\/index.php\/aviso-legal\/\" \/>\n<meta property=\"og:site_name\" content=\"Psicolog\u00eda con Gracia\" \/>\n<meta property=\"article:modified_time\" content=\"2024-09-13T06:09:00+00:00\" \/>\n<meta name=\"twitter:card\" content=\"summary_large_image\" \/>\n<meta name=\"twitter:label1\" content=\"Tiempo de lectura\" \/>\n\t<meta name=\"twitter:data1\" content=\"6 minutos\" \/>\n<script type=\"application\/ld+json\" class=\"yoast-schema-graph\">{\"@context\":\"https:\/\/schema.org\",\"@graph\":[{\"@type\":\"WebPage\",\"@id\":\"https:\/\/www.psicologiacongracia.com\/index.php\/aviso-legal\/\",\"url\":\"https:\/\/www.psicologiacongracia.com\/index.php\/aviso-legal\/\",\"name\":\"Aviso legal - Psicolog\u00eda con Gracia\",\"isPartOf\":{\"@id\":\"https:\/\/www.psicologiacongracia.com\/#website\"},\"datePublished\":\"2024-09-13T06:08:11+00:00\",\"dateModified\":\"2024-09-13T06:09:00+00:00\",\"breadcrumb\":{\"@id\":\"https:\/\/www.psicologiacongracia.com\/index.php\/aviso-legal\/#breadcrumb\"},\"inLanguage\":\"es\",\"potentialAction\":[{\"@type\":\"ReadAction\",\"target\":[\"https:\/\/www.psicologiacongracia.com\/index.php\/aviso-legal\/\"]}]},{\"@type\":\"BreadcrumbList\",\"@id\":\"https:\/\/www.psicologiacongracia.com\/index.php\/aviso-legal\/#breadcrumb\",\"itemListElement\":[{\"@type\":\"ListItem\",\"position\":1,\"name\":\"Portada\",\"item\":\"https:\/\/www.psicologiacongracia.com\/\"},{\"@type\":\"ListItem\",\"position\":2,\"name\":\"Aviso legal\"}]},{\"@type\":\"WebSite\",\"@id\":\"https:\/\/www.psicologiacongracia.com\/#website\",\"url\":\"https:\/\/www.psicologiacongracia.com\/\",\"name\":\"Psicolog\u00eda con Gracia\",\"description\":\"Tu espacio seguro para crecer y sanar.\u200b\",\"publisher\":{\"@id\":\"https:\/\/www.psicologiacongracia.com\/#organization\"},\"potentialAction\":[{\"@type\":\"SearchAction\",\"target\":{\"@type\":\"EntryPoint\",\"urlTemplate\":\"https:\/\/www.psicologiacongracia.com\/?s={search_term_string}\"},\"query-input\":{\"@type\":\"PropertyValueSpecification\",\"valueRequired\":true,\"valueName\":\"search_term_string\"}}],\"inLanguage\":\"es\"},{\"@type\":\"Organization\",\"@id\":\"https:\/\/www.psicologiacongracia.com\/#organization\",\"name\":\"Psicolog\u00eda con Gracia\",\"url\":\"https:\/\/www.psicologiacongracia.com\/\",\"logo\":{\"@type\":\"ImageObject\",\"inLanguage\":\"es\",\"@id\":\"https:\/\/www.psicologiacongracia.com\/#\/schema\/logo\/image\/\",\"url\":\"https:\/\/www.psicologiacongracia.com\/wp-content\/uploads\/2024\/09\/Logo.svg\",\"contentUrl\":\"https:\/\/www.psicologiacongracia.com\/wp-content\/uploads\/2024\/09\/Logo.svg\",\"width\":1080,\"height\":1639,\"caption\":\"Psicolog\u00eda con Gracia\"},\"image\":{\"@id\":\"https:\/\/www.psicologiacongracia.com\/#\/schema\/logo\/image\/\"}}]}<\/script>\n<!-- \/ Yoast SEO plugin. -->","yoast_head_json":{"title":"Aviso legal - Psicolog\u00eda con Gracia","robots":{"index":"index","follow":"follow","max-snippet":"max-snippet:-1","max-image-preview":"max-image-preview:large","max-video-preview":"max-video-preview:-1"},"canonical":"https:\/\/www.psicologiacongracia.com\/index.php\/aviso-legal\/","og_locale":"es_ES","og_type":"article","og_title":"Aviso legal - Psicolog\u00eda con Gracia","og_description":"En cumplimiento de la Ley 34\/2002, de 11 de julio, de Servicios de la Sociedad de la Informaci\u00f3n y de [&hellip;]","og_url":"https:\/\/www.psicologiacongracia.com\/index.php\/aviso-legal\/","og_site_name":"Psicolog\u00eda con Gracia","article_modified_time":"2024-09-13T06:09:00+00:00","twitter_card":"summary_large_image","twitter_misc":{"Tiempo de lectura":"6 minutos"},"schema":{"@context":"https:\/\/schema.org","@graph":[{"@type":"WebPage","@id":"https:\/\/www.psicologiacongracia.com\/index.php\/aviso-legal\/","url":"https:\/\/www.psicologiacongracia.com\/index.php\/aviso-legal\/","name":"Aviso legal - Psicolog\u00eda con Gracia","isPartOf":{"@id":"https:\/\/www.psicologiacongracia.com\/#website"},"datePublished":"2024-09-13T06:08:11+00:00","dateModified":"2024-09-13T06:09:00+00:00","breadcrumb":{"@id":"https:\/\/www.psicologiacongracia.com\/index.php\/aviso-legal\/#breadcrumb"},"inLanguage":"es","potentialAction":[{"@type":"ReadAction","target":["https:\/\/www.psicologiacongracia.com\/index.php\/aviso-legal\/"]}]},{"@type":"BreadcrumbList","@id":"https:\/\/www.psicologiacongracia.com\/index.php\/aviso-legal\/#breadcrumb","itemListElement":[{"@type":"ListItem","position":1,"name":"Portada","item":"https:\/\/www.psicologiacongracia.com\/"},{"@type":"ListItem","position":2,"name":"Aviso legal"}]},{"@type":"WebSite","@id":"https:\/\/www.psicologiacongracia.com\/#website","url":"https:\/\/www.psicologiacongracia.com\/","name":"Psicolog\u00eda con Gracia","description":"Tu espacio seguro para crecer y sanar.\u200b","publisher":{"@id":"https:\/\/www.psicologiacongracia.com\/#organization"},"potentialAction":[{"@type":"SearchAction","target":{"@type":"EntryPoint","urlTemplate":"https:\/\/www.psicologiacongracia.com\/?s={search_term_string}"},"query-input":{"@type":"PropertyValueSpecification","valueRequired":true,"valueName":"search_term_string"}}],"inLanguage":"es"},{"@type":"Organization","@id":"https:\/\/www.psicologiacongracia.com\/#organization","name":"Psicolog\u00eda con Gracia","url":"https:\/\/www.psicologiacongracia.com\/","logo":{"@type":"ImageObject","inLanguage":"es","@id":"https:\/\/www.psicologiacongracia.com\/#\/schema\/logo\/image\/","url":"https:\/\/www.psicologiacongracia.com\/wp-content\/uploads\/2024\/09\/Logo.svg","contentUrl":"https:\/\/www.psicologiacongracia.com\/wp-content\/uploads\/2024\/09\/Logo.svg","width":1080,"height":1639,"caption":"Psicolog\u00eda con Gracia"},"image":{"@id":"https:\/\/www.psicologiacongracia.com\/#\/schema\/logo\/image\/"}}]}},"_links":{"self":[{"href":"https:\/\/www.psicologiacongracia.com\/index.php\/wp-json\/wp\/v2\/pages\/263","targetHints":{"allow":["GET"]}}],"collection":[{"href":"https:\/\/www.psicologiacongracia.com\/index.php\/wp-json\/wp\/v2\/pages"}],"about":[{"href":"https:\/\/www.psicologiacongracia.com\/index.php\/wp-json\/wp\/v2\/types\/page"}],"author":[{"embeddable":true,"href":"https:\/\/www.psicologiacongracia.com\/index.php\/wp-json\/wp\/v2\/users\/1"}],"replies":[{"embeddable":true,"href":"https:\/\/www.psicologiacongracia.com\/index.php\/wp-json\/wp\/v2\/comments?post=263"}],"version-history":[{"count":2,"href":"https:\/\/www.psicologiacongracia.com\/index.php\/wp-json\/wp\/v2\/pages\/263\/revisions"}],"predecessor-version":[{"id":265,"href":"https:\/\/www.psicologiacongracia.com\/index.php\/wp-json\/wp\/v2\/pages\/263\/revisions\/265"}],"wp:attachment":[{"href":"https:\/\/www.psicologiacongracia.com\/index.php\/wp-json\/wp\/v2\/media?parent=263"}],"curies":[{"name":"wp","href":"https:\/\/api.w.org\/{rel}","templated":true}]}}